late the remainder when 752 is divided by 99.
59
What is the remainder when 1053 is divided by 41?
28
What is the remainder when 230 is divided by 17?
9
Calculate the remainder when 159 is divided by 23.
21
What is the remainder when 351 is divided by 116?
3
Calculate the remainder when 83 is divided by 1.
0
Calculate the remainder when 7105 is divided by 45.
40
Calculate the remainder when 372 is divided by 363.
9
Calculate the remainder when 3614 is divided by 46.
26
Calculate the remainder when 277 is divided by 64.
21
Calculate the remainder when 9123 is divided by 234.
231
Calculate the remainder when 1099 is divided by 131.
51
Calculate the remainder when 2681 is divided by 179.
175
Calculate the remainder when 158 is divided by 61.
36
What is the remainder when 450 is divided by 35?
30
What is the remainder when 19 is divided by 14?
5
Calculate the remainder when 1677 is divided by 40.
37
Calculate the remainder when 140 is divided by 51.
38
Calculate the remainder when 9459 is divided by 166.
163
Calculate the remainder when 173 is divided by 4.
1
What is the remainder when 44 is divided by 39?
5
Calculate the remainder when 113 is divided by 18.
5
Calculate the remainder when 7363 is divided by 2453.
4
What is the remainder when 116 is divided by 17?
14
Calculate the remainder when 322 is divided by 25.
22
Calculate the remainder when 1835 is divided by 92.
87
What is the remainder when 17 is divided by 5?
2
What is the remainder when 946 is divided by 120?
106
What is the remainder when 90549 is divided by 50?
49
What is the remainder when 142 is divided by 26?
12
What is the remainder when 446 is divided by 115?
101
Calculate the remainder when 158 is divided by 20.
18
Calculate the remainder when 531 is divided by 45.
36
Calculate the remainder when 42 is divided by 40.
2
Calculate the remainder when 151 is divided by 129.
22
What is the remainder when 1075 is divided by 42?
25
What is the remainder when 25 is divided by 17?
8
What is the remainder when 987 is divided by 11?
8
Calculate the remainder when 713 is divided by 42.
41
Calculate the remainder when 432 is divided by 139.
15
What is the remainder when 2536 is divided by 66?
28
Calculate the remainder when 83 is divided by 17.
15
Calculate the remainder when 178 is divided by 66.
46
What is the remainder when 105 is divided by 57?
48
Calculate the remainder when 3484 is divided by 1737.
10
What is the remainder when 5289 is divided by 31?
19
What is the remainder when 1259 is divided by 105?
104
What is the remainder when 6521 is divided by 7?
4
Calculate the remainder when 1389 is divided by 228.
21
Calculate the remainder when 340 is divided by 123.
94
Calculate the remainder when 1904 is divided by 633.
5
What is the remainder when 689 is divided by 116?
109
What is the remainder when 970 is divided by 81?
79
Calculate the remainder when 35 is divided by 23.
12
What is the remainder when 1817 is divided by 20?
17
What is the remainder when 492 is divided by 56?
44
What is the remainder when 193 is divided by 40?
33
Calculate the remainder when 743 is divided by 125.
118
Calculate the remainder when 223 is divided by 16.
15
Calculate the remainder when 572 is divided by 33.
11
Calculate the remainder when 1968 is divided by 27.
24
Calculate the remainder when 95 is divided by 45.
5
Calculate the remainder when 153 is divided by 28.
13
Calculate the remainder when 130 is divided by 32.
2
Calculate the remainder when 134 is divided by 3.
2
Calculate the remainder when 223 is divided by 3.
1
What is the remainder when 1178 is divided by 390?
8
Calculate the remainder when 165 is divided by 24.
21
What is the remainder when 2051 is divided by 1017?
17
Calculate the remainder when 18 is divided by 6.
0
Calculate the remainder when 683 is divided by 99.
89
What is the remainder when 586 is divided by 416?
170
What is the remainder when 334 is divided by 92?
58
What is the remainder when 10204 is divided by 54?
52
Calculate the remainder when 20 is divided by 16.
4
What is the remainder when 147 is divided by 30?
27
Calculate the remainder when 1353 is divided by 321.
69
Calculate the remainder when 7540 is divided by 82.
78
What is the remainder when 2161 is divided by 271?
264
What is the remainder when 35 is divided by 23?
12
What is the remainder when 215 is divided by 82?
51
Calculate the remainder when 479 is divided by 90.
29
Calculate the remainder when 79 is divided by 8.
7
Calculate the remainder when 43 is divided by 43.
0
What is the remainder when 448 is divided by 65?
58
What is the remainder when 44 is divided by 10?
4
Calculate the remainder when 80 is divided by 4.
0
Calculate the remainder when 321 is divided by 162.
159
Calculate the remainder when 249 is divided by 47.
14
Calculate the remainder when 101 is divided by 51.
50
Calculate the remainder when 6478 is divided by 6.
4
Calculate the remainder when 570 is divided by 286.
284
What is the remainder when 179 is divided by 36?
35
What is the remainder when 515 is divided by 493?
22
Calculate the remainder when 5146 is divided by 38.
16
What is the remainder when 1230 is divided by 211?
175
Calculate the remainder when 262 is divided by 22.
20
Calculate the remainder when 6307 is divided by 76.
75
Calculate the remainder when 1125 is divided by 7.
5
Calculate the remainder when 9160 is divided by 49.
46
What is the remainder when 269 is divided by 54?
53
What is the remainder when 3220 is divided by 52?
48
Calculate the remainder when 549 is divided by 24.
21
What is the remainder when 1100 is divided by 228?
188
What is the remainder when 3001 is divided by 376?
369
What is the remainder when 231 is divided by 82?
67
Calculate the remainder when 15574 is divided by 12.
10
What is the remainder when 1507 is divided by 383?
358
Calculate the remainder when 308 is divided by 98.
14
Calculate the remainder when 45 is divided by 41.
4
Calculate the remainder when 54 is divided by 11.
10
What is the remainder when 3931 is divided by 3918?
13
What is the remainder when 1008 is divided by 266?
210
Calculate the remainder when 831 is divided by 17.
15
Calculate the remainder when 35 is divided by 19.
16
What is the remainder when 1736 is divided by 35?
21
Calculate the remainder when 11577 is divided by 14.
13
Calculate the remainder when 3527 is divided by 49.
48
Calculate the remainder when 1699 is divided by 23.
20
What is the remainder when 1213 is divided by 42?
37
What is the remainder when 395 is divided by 50?
45
What is the remainder when 117 is divided by 91?
26
Calculate the remainder when 1427 is divided by 51.
50
What is the remainder when 1076 is divided by 11?
9
What is the remainder when 120 is divided by 109?
11
Calculate the remainder when 4038 is divided by 368.
358
Calculate the remainder when 514 is divided by 11.
8
What is the remainder when 868 is divided by 205?
48
What is the remainder when 219 is divided by 100?
19
Calculate the remainder when 419 is divided by 68.
11
Calculate the remainder when 5203 is divided by 80.
3
What is the remainder when 195 is divided by 11?
8
What is the remainder when 2763 is divided by 11?
2
Calculate the remainder when 158 is divided by 14.
4
What is the remainder when 131 is divided by 17?
12
What is the remainder when 3732 is divided by 14?
8
What is the remainder when 331 is divided by 24?
19
What is the remainder when 29 is divided by 6?
5
Calculate the remainder when 453 is divided by 124.
81
Calculate the remainder when 213 is divided by 7.
3
Calculate the remainder when 1198 is divided by 75.
73
Calculate the remainder when 149 is divided by 54.
41
Calculate the remainder when 72 is divided by 51.
21
What is the remainder when 111 is divided by 6?
3
Calculate the remainder when 3954 is divided by 44.
38
Calculate the remainder when 201 is divided by 65.
6
Calculate the remainder when 425 is divided by 11.
7
What is the remainder when 420 is divided by 86?
76
What is the remainder when 1898 is divided by 26?
0
Calculate the remainder when 349 is divided by 175.
174
Calculate the remainder when 187 is divided by 47.
46
What is the remainder when 770 is divided by 23?
11
Calculate the remainder when 118 is divided by 64.
54
Calculate the remainder w